{"id":1644,"date":"2014-01-18T14:10:52","date_gmt":"2014-01-18T14:10:52","guid":{"rendered":"http:\/\/blog.wolfgang-strauss.com\/?page_id=1644"},"modified":"2015-02-09T08:03:00","modified_gmt":"2015-02-09T10:03:00","slug":"sambia","status":"publish","type":"page","link":"http:\/\/blog.wolfgang-strauss.com\/?page_id=1644","title":{"rendered":"Sambia"},"content":{"rendered":"<p>Sambia ist f\u00fcr mich ein nicht sehr sympathisches Land. Livingstone, zwar touristisch aber nicht einladend. Viel M\u00fcll. Die Menschen machen einen geplagten Eindruck, der sich dann nach Osten ziemlich \u00a0verst\u00e4rkte. Auch hier die Kirche, haupts\u00e4chlich die 7 Tage Adventisten sehr pr\u00e4sent. Die Menschen sehr gl\u00e4ubig, immer in der Hoffnung, dass Gott alles sieht und daf\u00fcr sorgen wird, dass eines Tages alles besser wird. Auf unserer Fahrt dann nach Lusaka wirkte das Land auf mich richtig dunkel, schwer, durch den vielen Regen war alles sehr aufgeweicht, sehr matschig und dadurch sehr schmutzig. Ich hatte \u00fcberhaupt nicht das Gef\u00fchl, wir m\u00fcssten uns mehr anschauen.<\/p>\n<p>In Lusaka dann ein Laden, der mit seinem Angebot durchaus zuhause mithalten k\u00f6nnte(z.B. Elektronik). Daneben ein Kirchentempel gigantisch gro\u00df, daneben ein Slum soweit das Auge reicht. Nicht nur die Kirche fiel auf, nein auch gro\u00dfe Moscheen sind da. Gr\u00f6\u00dfer kann die Spanne nicht sein.<\/p>\n<p>Wir sahen viele Menschen hart auf ihren Feldern arbeiten, aber es reicht wohl nicht hinten und vorne. Hier in Sambia sind Mangelern\u00e4hrung, S\u00e4uglingssterblichkeit und nat\u00fcrlich Aids gro\u00dfe Themen. Die Lebenserwartung liegt bei 38 Jahren.<\/p>\n","protected":false},"excerpt":{"rendered":"<p>Sambia ist f\u00fcr mich ein nicht sehr sympathisches Land. Livingstone, zwar touristisch aber nicht einladend. Viel M\u00fcll. Die Menschen machen einen geplagten Eindruck, der sich dann nach Osten ziemlich \u00a0verst\u00e4rkte. Auch hier die Kirche, haupts\u00e4chlich die 7 Tage Adventisten sehr &hellip; <a href=\"http:\/\/blog.wolfgang-strauss.com\/?page_id=1644\">Weiterlesen <span class=\"meta-nav\">&rarr;<\/span><\/a><\/p>\n","protected":false},"author":2,"featured_media":0,"parent":835,"menu_order":6,"comment_status":"closed","ping_status":"closed","template":"","meta":{"jetpack_post_was_ever_published":false},"jetpack_sharing_enabled":true,"jetpack_shortlink":"https:\/\/wp.me\/P7i980-qw","_links":{"self":[{"href":"http:\/\/blog.wolfgang-strauss.com\/index.php?rest_route=\/wp\/v2\/pages\/1644"}],"collection":[{"href":"http:\/\/blog.wolfgang-strauss.com\/index.php?rest_route=\/wp\/v2\/pages"}],"about":[{"href":"http:\/\/blog.wolfgang-strauss.com\/index.php?rest_route=\/wp\/v2\/types\/page"}],"author":[{"embeddable":true,"href":"http:\/\/blog.wolfgang-strauss.com\/index.php?rest_route=\/wp\/v2\/users\/2"}],"replies":[{"embeddable":true,"href":"http:\/\/blog.wolfgang-strauss.com\/index.php?rest_route=%2Fwp%2Fv2%2Fcomments&post=1644"}],"version-history":[{"count":0,"href":"http:\/\/blog.wolfgang-strauss.com\/index.php?rest_route=\/wp\/v2\/pages\/1644\/revisions"}],"up":[{"embeddable":true,"href":"http:\/\/blog.wolfgang-strauss.com\/index.php?rest_route=\/wp\/v2\/pages\/835"}],"wp:attachment":[{"href":"http:\/\/blog.wolfgang-strauss.com\/index.php?rest_route=%2Fwp%2Fv2%2Fmedia&parent=1644"}],"curies":[{"name":"wp","href":"https:\/\/api.w.org\/{rel}","templated":true}]}}